s the greatest common divisor of 11 and o?
1
Let w(y) = y**2 + 11*y - 18. Let v be w(-14). Let p(s) = s**2 + 4*s - 24. Let k be p(-10). What is the greatest common divisor of k and v?
12
Suppose 4*p - 25 = 5*m, 4*p = 7*p - 4*m - 19. Suppose -p*v = 2*c - 270, -4*c = -2*v + v + 54. Calculate the highest common divisor of 18 and v.
18
Let z be 2*2/4 - 0. Let x = -287 - -286. Let a be 41 + z + (x - 3). What is the highest common factor of 95 and a?
19
Let i be 6/12 + 3 + (-141)/(-6). Suppose 2*p - 279 = -i. Calculate the greatest common factor of p and 18.
18
Let y = -93 - -165. Suppose 20*q - 50 = 16*q + z, 4*q + 3*z = 42. What is the highest common factor of q and y?
12
Suppose 309 = 5*a - 4*m - 2, 5*m = -a + 68. Calculate the greatest common divisor of 63 and a.
63
Let r = -11 + 11. Suppose r = 3*m - a - 14, -2*a + 38 = 3*m + 3*a. Calculate the greatest common factor of m and 15.
3
Let t = 2265 - 1584. Let y be (-4)/10 + t/15. Calculate the greatest common divisor of 30 and y.
15
Let n(z) = 3*z + 18. Let l be n(-10). Let x be (l/1)/((-12)/104). Calculate the greatest common divisor of 13 and x.
13
Suppose f = 4*d + 35, 8*d = 7*d - 2. Calculate the highest common factor of 9 and f.
9
Suppose 0 = -5*l - 5*b + 30, -2*l + b + 24 = 2*l. Suppose 0 = -c - 4 + l. Suppose 4*g - 2 = c*g. What is the greatest common divisor of 11 and g?
1
Suppose 0 = 30*a - 788 - 772. What is the greatest common divisor of a and 26?
26
Let x be (9/(-6) - 1)/((-2)/8). What is the highest common factor of 310 and x?
10
Let h = 1733 - 797. Calculate the greatest common factor of h and 72.
72
Let i be (0 + (-18)/(-10))/((-16813)/(-430) + -39). Let l be 0 + 161 - -2 - 1. What is the highest common divisor of i and l?
18
Let d be (-2 + -3)*95/(-25). Suppose -d*o - 180 = -24*o. Calculate the greatest common divisor of 90 and o.
18
Suppose 2*b + 2*a + 64 - 290 = 0, 0 = -b + 4*a + 133. Suppose 3*i = -5*r + 325, 2*r - b - 39 = 4*i. What is the highest common factor of r and 17?
17
Let z = -40 - -47. Let j = 4 + z. What is the greatest common factor of 33 and j?
11
Suppose 0 = -3*z - 3*u + 753, -498 = -2*z - 2*u + 4*u. What is the highest common divisor of 150 and z?
50
Let a be -4 + 4/8*10. Let y be a/(-1 + 27/24). Let r = 23 + y. What is the highest common factor of r and 124?
31
Let h(i) = -2*i - 49. Let m be h(-38). Calculate the highest common factor of m and 3.
3
Let o = -54 - -68. Suppose -3*q - 2*q = -2*b + 342, 5*b = -q + 855. Suppose 0 = 5*y - 661 + b. What is the greatest common divisor of y and o?
14
Suppose -4*o + 2*o = -16. Let h be o/(-36) + 280/45. Let j be (h/4)/(24/176). What is the greatest common divisor of 55 and j?
11
Suppose -1 + 0 = -v, 3*v = -i + 7. Suppose -s - 12 = -i*s. What is the highest common divisor of 1 and s?
1
Suppose -4*l + x + 409 = 0, 3*x + 411 = 4*l - 0*l. Suppose b - 33 = -g, -2*g + 5*g + 2*b - l = 0. Let k = 9 + g. What is the greatest common factor of k and 5?
5
Let f be 12/(-5)*4095/14. Let x = f + 1087. Suppose 5*d - 1240 = -4*c, -x = -2*d - c + 111. Calculate the highest common divisor of d and 31.
31
Let f(i) = -3*i - i**3 + 48*i**2 - 15*i**2 - 26*i**2 - 8. Let c = -9 - -15. Let o be f(c). What is the highest common factor of o and 70?
10
Suppose 0 = -5*v - 5*b - 9 + 24, 0 = -3*b. Let x(h) = 3*h**2 - 4*h + 17. Let y be x(v). What is the highest common factor of y and 80?
16
Suppose 17 = 2*m - 13. Suppose -w - 372 = -5*o, -3*w + 142 = 2*o - 17. Calculate the highest common divisor of o and m.
15
Suppose -3*c = 4*o - 1040, 2*o - 923 = -3*c + 107. What is the greatest common factor of c and 34?
34
Let j(x) = -4*x**3 - 12*x**2 - 62*x + 24. Let i be j(-7). Calculate the greatest common factor of 36 and i.
18
Let s be (5 - 17)/(2/12). Let l be 1/((-15)/s)*5. Let n = 74 + -14. What is the highest common factor of n and l?
12
Suppose -2*f + 2*y = -76, -7 = 3*f + 5*y - 97. Suppose 4*i = -5*m + 540, 4*m - 404 = -0*i - 3*i. Calculate the greatest common divisor of f and i.
35
Suppose -2*w - 26 = -114. Suppose -5*y + h = -402, 3*y - h - 321 = -y. Let l = -59 + y. Calculate the highest common divisor of w and l.
22
Let v(c) = -22*c + 90. Let s be v(4). What is the greatest common divisor of s and 8?
2
Let s(o) = 32*o**3 + o - 1. Let z be s(1). Let n(g) = -g**2 + 6*g - 5. Let j be n(6). Let t be ((-8)/j)/(2/10). Calculate the greatest common factor of z and t.
8
Let k(l) = l**3 + 9*l**2 + 9*l + 7. Let m be k(-9). Let c = -28 - m. Let z be -4 + 3 + 1*c. What is the greatest common factor of 9 and z?
9
Let n = 29 + 20. Suppose -44*f - 25 = -n*f. Suppose 0*i - 5*i + 5 = 0. What is the greatest common divisor of i and f?
1
Suppose -6*g + 196 = -32. Suppose -2*x + 2*l = -1 - 37, -l = -2*x + 38. Calculate the greatest common factor of g and x.
19
Let s be ((-12)/(-8))/(12/32). Let j be (-1)/s - (-1 - (-218)/(-8)). What is the greatest common factor of j and 35?
7
Let h = -64 - -34. Let k be (4 - h)*1/2. Let i = 35 - k. Calculate the greatest common divisor of 6 and i.
6
Suppose 1224 = 44*c + 7*c. What is the greatest common factor of 84 and c?
12
Let b(q) = q**3 - 10*q**2 - 3*q + 13. Let v be b(10). Let i = v - 0. Let w = i - -31. Calculate the highest common factor of w and 56.
14
Let b be 2/(-6) + (-31)/(-3). Suppose -5*s - 246 = -4*p, 4*p - 200 = 3*s + s. Let z = s - -86. Calculate the greatest common factor of b and z.
10
Suppose -223*v + 13277 = -212*v. What is the greatest common factor of 17 and v?
17
Suppose 2*f = n - 3 - 1, 4*n + 5*f = 55. Calculate the highest common factor of n and 8.
2
Suppose 0 = 88*i - 26231 - 10377. What is the greatest common divisor of 78 and i?
26
Suppose 2 = -4*j + 2*f + 8, 5*j + 3*f - 13 = 0. Let l = 6 + j. Calculate the greatest common divisor of l and 32.
8
Suppose 2*i + m = -7, i - 3*m - 9 = -6*m. Let q be (-2 + 20/(-8))*i. Calculate the highest common factor of q and 81.
27
Let b(u) = -7*u**2 - 6*u + 3. Let l(i) = -7*i**2 - 7*i + 4. Let r(y) = -6*b(y) + 5*l(y). Let g be r(-2). What is the greatest common divisor of 56 and g?
28
Let p = 227 - 157. What is the highest common factor of p and 10?
10
Let p = -177 + 203. Calculate the highest common divisor of 286 and p.
26
Let x = 30 + -19. Let s = 14 - x. Suppose 2*k - 6*k = s*g - 340, k - 328 = -3*g. Calculate the highest common factor of 12 and g.
12
Let q(i) = -i**3 - 4*i**2 - i + 5. Let t be q(-4). Let l = 213 + -140. Suppose -3*b + l + 35 = 0. What is the greatest common factor of b and t?
9
Let v(h) = h**2 + 6*h + 13. Let l be 9/6*(-10)/3. Let j be v(l). What is the highest common factor of 20 and j?
4
Suppose -z - p + 12 = -43, -5*p - 20 = 0. Let x(d) = -6*d**2 + 16*d - 27. Let c be x(2). Let q = c + z. What is the highest common divisor of 16 and q?
8
Let d = -55 - -56. Suppose 0*f = 4*u - 5*f - 71, u - 5*f + d = 0. Calculate the highest common factor of 12 and u.
12
Suppose -3*h - 35 = 152*n - 156*n, 0 = 5*n + 5*h. Let m be (-4)/(-18) + 14/18. Calculate the highest common factor of n and m.
1
Let g be (-1 - -31)*85/34. What is the greatest common divisor of g and 275?
25
Suppose t = -3*i - 0*t + 8, 2*i - t = 2. Let p be i + 29 - 2 - -1. Let g be 5 - (-1 - -7)/(-6). Calculate the highest common divisor of g and p.
6
Let s be (13 + (-4 - 0))/(12/24). What is the greatest common factor of 14 and s?
2
Suppose 0 = -18*t - 24*t + 504. What is the highest common factor of 39 and t?
3
Suppose 4 = 5*d - 4*d. Suppose 5*y - 3*u - 556 = 0, 0 = y + d*u + 14 - 116. Suppose -179*h = -208*h + 1276. What is the greatest common factor of y and h?
22
Suppose 0 = -5*u + 129 + 21. Let o be (-29)/(1 - 2) + 3. Let q = -22 + o. What is the highest common divisor of u and q?
10
Let v be 1855/7 - (-6)/(-2). Let k(s) = -3*s + 0*s + v - 86 + 5*s. Let j be k(0). Calculate the highest common factor of j and 16.
16
Let f = 2732 - 2644. Let s(q) = -q**2 + 9*q - 6. Let p be s(7). What is the highest common divisor of p and f?
8
Let d(r) = 4*r**2 + 5*r + 10. Let k be d(-9). Let h be (-170)/20*3*(-2)/3. What is the highest common divisor of k and h?
17
Let m = -3 + 0. Let u be (-2391)/(-12) - 1/4*m. What is the highest common factor of 40 and u?
40
Let h be (-5)/5 - (-1)/(-1). Let i be h/3 + 2/3. Suppose i = 5*w + 55 - 255. What is the highest common divisor of 5 and w?
5
Let c be 40/(-10) 